{"id":401,"date":"2017-12-03T19:23:18","date_gmt":"2017-12-03T17:23:18","guid":{"rendered":"https:\/\/www.ubytovaniprozamilovane.cz\/fotogalerie-2\/"},"modified":"2026-02-02T13:36:32","modified_gmt":"2026-02-02T11:36:32","slug":"galeria-fotografii","status":"publish","type":"page","link":"https:\/\/www.ubytovaniprozamilovane.cz\/pl\/galeria-fotografii\/","title":{"rendered":"Galeria fotografii"},"content":{"rendered":"\n<h1>\n\t\tgaleria fotografii\n\t<\/h1>\n\t\t\t<a href=\"http:\/\/www.ubytovaniprozamilovane.cz\/pl\" target=\"_self\"   role=\"button\" aria-label=\"Powr\u00f3t do strony g\u0142\u00f3wnej\">\n\t\t\t\t\t\t\t\t\t\t\tPowr\u00f3t do strony g\u0142\u00f3wnej\n\t\t<\/a>\n\t<iframe src=\"https:\/\/www.google.com\/maps\/embed\/v1\/place?q=pet%C5%99vald+ostravsk%C3%A1+1035&#038;key=AIzaSyD09zQ9PNDNNy9TadMuzRV_UsPUoWKntt8\" aria-hidden=\"true\"><\/iframe>\n\t<ul>\n\t\t\t<li>\n\t\t\t\n\t\t\t\t<a href=\"https:\/\/www.janhanzl.cz\" target=\"_blank\" rel=\"noopener\" data-hover=\"Developer on WordPress\">Developer on WordPress<\/a>\n\t\t\t\n\t\t<\/li>\n\t\t\t\t<\/ul>\n\n","protected":false},"excerpt":{"rendered":"<p>galeria fotografii Powr\u00f3t do strony g\u0142\u00f3wnej Developer on WordPress<\/p>\n","protected":false},"author":3,"featured_media":0,"parent":0,"menu_order":0,"comment_status":"closed","ping_status":"closed","template":"","meta":{"footnotes":""},"class_list":["post-401","page","type-page","status-publish","hentry"],"yoast_head":"<!-- This site is optimized with the Yoast SEO plugin v26.8 - https:\/\/yoast.com\/product\/yoast-seo-wordpress\/ -->\n<title>Galeria fotografii - Ubytov\u00e1n\u00ed pro zamilovan\u00e9<\/title>\n<meta name=\"description\" content=\"Pod\u00edvejte se na fotogalerii na\u0161eho interi\u00e9ru a v\u0161ech nab\u00edzen\u00fdch pokoj\u016f.\" \/>\n<meta name=\"robots\" content=\"index, follow, max-snippet:-1, max-image-preview:large, max-video-preview:-1\" \/>\n<link rel=\"canonical\" href=\"https:\/\/www.ubytovaniprozamilovane.cz\/pl\/galeria-fotografii\/\" \/>\n<meta property=\"og:locale\" content=\"pl_PL\" \/>\n<meta property=\"og:type\" content=\"article\" \/>\n<meta property=\"og:title\" content=\"Galeria fotografii - Ubytov\u00e1n\u00ed pro zamilovan\u00e9\" \/>\n<meta property=\"og:description\" content=\"Pod\u00edvejte se na fotogalerii na\u0161eho interi\u00e9ru a v\u0161ech nab\u00edzen\u00fdch pokoj\u016f.\" \/>\n<meta property=\"og:url\" content=\"https:\/\/www.ubytovaniprozamilovane.cz\/pl\/galeria-fotografii\/\" \/>\n<meta property=\"og:site_name\" content=\"Ubytov\u00e1n\u00ed pro zamilovan\u00e9\" \/>\n<meta property=\"article:modified_time\" content=\"2026-02-02T11:36:32+00:00\" \/>\n<meta name=\"twitter:card\" content=\"summary_large_image\" \/>\n<meta name=\"twitter:label1\" content=\"Szacowany czas czytania\" \/>\n\t<meta name=\"twitter:data1\" content=\"6 minut\" \/>\n<script type=\"application\/ld+json\" class=\"yoast-schema-graph\">{\"@context\":\"https:\/\/schema.org\",\"@graph\":[{\"@type\":\"WebPage\",\"@id\":\"https:\/\/www.ubytovaniprozamilovane.cz\/pl\/galeria-fotografii\/\",\"url\":\"https:\/\/www.ubytovaniprozamilovane.cz\/pl\/galeria-fotografii\/\",\"name\":\"Galeria fotografii - Ubytov\u00e1n\u00ed pro zamilovan\u00e9\",\"isPartOf\":{\"@id\":\"https:\/\/www.ubytovaniprozamilovane.cz\/pl\/#website\"},\"datePublished\":\"2017-12-03T17:23:18+00:00\",\"dateModified\":\"2026-02-02T11:36:32+00:00\",\"description\":\"Pod\u00edvejte se na fotogalerii na\u0161eho interi\u00e9ru a v\u0161ech nab\u00edzen\u00fdch pokoj\u016f.\",\"breadcrumb\":{\"@id\":\"https:\/\/www.ubytovaniprozamilovane.cz\/pl\/galeria-fotografii\/#breadcrumb\"},\"inLanguage\":\"pl-PL\",\"potentialAction\":[{\"@type\":\"ReadAction\",\"target\":[\"https:\/\/www.ubytovaniprozamilovane.cz\/pl\/galeria-fotografii\/\"]}]},{\"@type\":\"BreadcrumbList\",\"@id\":\"https:\/\/www.ubytovaniprozamilovane.cz\/pl\/galeria-fotografii\/#breadcrumb\",\"itemListElement\":[{\"@type\":\"ListItem\",\"position\":1,\"name\":\"Dom\u016f\",\"item\":\"http:\/\/www.ubytovaniprozamilovane.cz\/pl\/\"},{\"@type\":\"ListItem\",\"position\":2,\"name\":\"Galeria fotografii\"}]},{\"@type\":\"WebSite\",\"@id\":\"https:\/\/www.ubytovaniprozamilovane.cz\/pl\/#website\",\"url\":\"https:\/\/www.ubytovaniprozamilovane.cz\/pl\/\",\"name\":\"Ubytov\u00e1n\u00ed pro zamilovan\u00e9\",\"description\":\"\",\"potentialAction\":[{\"@type\":\"SearchAction\",\"target\":{\"@type\":\"EntryPoint\",\"urlTemplate\":\"https:\/\/www.ubytovaniprozamilovane.cz\/pl\/?s={search_term_string}\"},\"query-input\":{\"@type\":\"PropertyValueSpecification\",\"valueRequired\":true,\"valueName\":\"search_term_string\"}}],\"inLanguage\":\"pl-PL\"}]}<\/script>\n<!-- \/ Yoast SEO plugin. -->","yoast_head_json":{"title":"Galeria fotografii - Ubytov\u00e1n\u00ed pro zamilovan\u00e9","description":"Pod\u00edvejte se na fotogalerii na\u0161eho interi\u00e9ru a v\u0161ech nab\u00edzen\u00fdch pokoj\u016f.","robots":{"index":"index","follow":"follow","max-snippet":"max-snippet:-1","max-image-preview":"max-image-preview:large","max-video-preview":"max-video-preview:-1"},"canonical":"https:\/\/www.ubytovaniprozamilovane.cz\/pl\/galeria-fotografii\/","og_locale":"pl_PL","og_type":"article","og_title":"Galeria fotografii - Ubytov\u00e1n\u00ed pro zamilovan\u00e9","og_description":"Pod\u00edvejte se na fotogalerii na\u0161eho interi\u00e9ru a v\u0161ech nab\u00edzen\u00fdch pokoj\u016f.","og_url":"https:\/\/www.ubytovaniprozamilovane.cz\/pl\/galeria-fotografii\/","og_site_name":"Ubytov\u00e1n\u00ed pro zamilovan\u00e9","article_modified_time":"2026-02-02T11:36:32+00:00","twitter_card":"summary_large_image","twitter_misc":{"Szacowany czas czytania":"6 minut"},"schema":{"@context":"https:\/\/schema.org","@graph":[{"@type":"WebPage","@id":"https:\/\/www.ubytovaniprozamilovane.cz\/pl\/galeria-fotografii\/","url":"https:\/\/www.ubytovaniprozamilovane.cz\/pl\/galeria-fotografii\/","name":"Galeria fotografii - Ubytov\u00e1n\u00ed pro zamilovan\u00e9","isPartOf":{"@id":"https:\/\/www.ubytovaniprozamilovane.cz\/pl\/#website"},"datePublished":"2017-12-03T17:23:18+00:00","dateModified":"2026-02-02T11:36:32+00:00","description":"Pod\u00edvejte se na fotogalerii na\u0161eho interi\u00e9ru a v\u0161ech nab\u00edzen\u00fdch pokoj\u016f.","breadcrumb":{"@id":"https:\/\/www.ubytovaniprozamilovane.cz\/pl\/galeria-fotografii\/#breadcrumb"},"inLanguage":"pl-PL","potentialAction":[{"@type":"ReadAction","target":["https:\/\/www.ubytovaniprozamilovane.cz\/pl\/galeria-fotografii\/"]}]},{"@type":"BreadcrumbList","@id":"https:\/\/www.ubytovaniprozamilovane.cz\/pl\/galeria-fotografii\/#breadcrumb","itemListElement":[{"@type":"ListItem","position":1,"name":"Dom\u016f","item":"http:\/\/www.ubytovaniprozamilovane.cz\/pl\/"},{"@type":"ListItem","position":2,"name":"Galeria fotografii"}]},{"@type":"WebSite","@id":"https:\/\/www.ubytovaniprozamilovane.cz\/pl\/#website","url":"https:\/\/www.ubytovaniprozamilovane.cz\/pl\/","name":"Ubytov\u00e1n\u00ed pro zamilovan\u00e9","description":"","potentialAction":[{"@type":"SearchAction","target":{"@type":"EntryPoint","urlTemplate":"https:\/\/www.ubytovaniprozamilovane.cz\/pl\/?s={search_term_string}"},"query-input":{"@type":"PropertyValueSpecification","valueRequired":true,"valueName":"search_term_string"}}],"inLanguage":"pl-PL"}]}},"_links":{"self":[{"href":"https:\/\/www.ubytovaniprozamilovane.cz\/pl\/wp-json\/wp\/v2\/pages\/401","targetHints":{"allow":["GET"]}}],"collection":[{"href":"https:\/\/www.ubytovaniprozamilovane.cz\/pl\/wp-json\/wp\/v2\/pages"}],"about":[{"href":"https:\/\/www.ubytovaniprozamilovane.cz\/pl\/wp-json\/wp\/v2\/types\/page"}],"author":[{"embeddable":true,"href":"https:\/\/www.ubytovaniprozamilovane.cz\/pl\/wp-json\/wp\/v2\/users\/3"}],"replies":[{"embeddable":true,"href":"https:\/\/www.ubytovaniprozamilovane.cz\/pl\/wp-json\/wp\/v2\/comments?post=401"}],"version-history":[{"count":5,"href":"https:\/\/www.ubytovaniprozamilovane.cz\/pl\/wp-json\/wp\/v2\/pages\/401\/revisions"}],"predecessor-version":[{"id":620,"href":"https:\/\/www.ubytovaniprozamilovane.cz\/pl\/wp-json\/wp\/v2\/pages\/401\/revisions\/620"}],"wp:attachment":[{"href":"https:\/\/www.ubytovaniprozamilovane.cz\/pl\/wp-json\/wp\/v2\/media?parent=401"}],"curies":[{"name":"wp","href":"https:\/\/api.w.org\/{rel}","templated":true}]}}

<h1>
		galeria fotografii
	</h1>
			<a href="http://www.ubytovaniprozamilovane.cz/pl" target="_self"   role="button" aria-label="Powrót do strony głównej">
											Powrót do strony głównej
		</a>
	<iframe src="https://www.google.com/maps/embed/v1/place?q=pet%C5%99vald+ostravsk%C3%A1+1035&#038;key=AIzaSyD09zQ9PNDNNy9TadMuzRV_UsPUoWKntt8" aria-hidden="true"></iframe>
	<ul>
			<li>
			
				<a href="https://www.janhanzl.cz" target="_blank" rel="noopener" data-hover="Developer on WordPress">Developer on WordPress</a>
			
		</li>
				</ul>

<p>galeria fotografii Powrót do strony głównej Developer on WordPress</p>

<!-- This site is optimized with the Yoast SEO plugin v26.8 - https://yoast.com/product/yoast-seo-wordpress/ -->
<title>Galeria fotografii - Ubytování pro zamilované</title>
<meta name="description" content="Podívejte se na fotogalerii našeho interiéru a všech nabízených pokojů." />
<meta name="robots" content="index, follow, max-snippet:-1, max-image-preview:large, max-video-preview:-1" />
<link rel="canonical" href="https://www.ubytovaniprozamilovane.cz/pl/galeria-fotografii/" />
<meta property="og:locale" content="pl_PL" />
<meta property="og:type" content="article" />
<meta property="og:title" content="Galeria fotografii - Ubytování pro zamilované" />
<meta property="og:description" content="Podívejte se na fotogalerii našeho interiéru a všech nabízených pokojů." />
<meta property="og:url" content="https://www.ubytovaniprozamilovane.cz/pl/galeria-fotografii/" />
<meta property="og:site_name" content="Ubytování pro zamilované" />
<meta property="article:modified_time" content="2026-02-02T11:36:32+00:00" />
<meta name="twitter:card" content="summary_large_image" />
<meta name="twitter:label1" content="Szacowany czas czytania" />
	<meta name="twitter:data1" content="6 minut" />
<script type="application/ld+json" class="yoast-schema-graph">{"@context":"https://schema.org","@graph":[{"@type":"WebPage","@id":"https://www.ubytovaniprozamilovane.cz/pl/galeria-fotografii/","url":"https://www.ubytovaniprozamilovane.cz/pl/galeria-fotografii/","name":"Galeria fotografii - Ubytování pro zamilované","isPartOf":{"@id":"https://www.ubytovaniprozamilovane.cz/pl/#website"},"datePublished":"2017-12-03T17:23:18+00:00","dateModified":"2026-02-02T11:36:32+00:00","description":"Podívejte se na fotogalerii našeho interiéru a všech nabízených pokojů.","breadcrumb":{"@id":"https://www.ubytovaniprozamilovane.cz/pl/galeria-fotografii/#breadcrumb"},"inLanguage":"pl-PL","potentialAction":[{"@type":"ReadAction","target":["https://www.ubytovaniprozamilovane.cz/pl/galeria-fotografii/"]}]},{"@type":"BreadcrumbList","@id":"https://www.ubytovaniprozamilovane.cz/pl/galeria-fotografii/#breadcrumb","itemListElement":[{"@type":"ListItem","position":1,"name":"Domů","item":"http://www.ubytovaniprozamilovane.cz/pl/"},{"@type":"ListItem","position":2,"name":"Galeria fotografii"}]},{"@type":"WebSite","@id":"https://www.ubytovaniprozamilovane.cz/pl/#website","url":"https://www.ubytovaniprozamilovane.cz/pl/","name":"Ubytování pro zamilované","description":"","potentialAction":[{"@type":"SearchAction","target":{"@type":"EntryPoint","urlTemplate":"https://www.ubytovaniprozamilovane.cz/pl/?s={search_term_string}"},"query-input":{"@type":"PropertyValueSpecification","valueRequired":true,"valueName":"search_term_string"}}],"inLanguage":"pl-PL"}]}</script>
<!-- / Yoast SEO plugin. -->

Galeria fotografii - Ubytování pro zamilované

Podívejte se na fotogalerii našeho interiéru a všech nabízených pokojů.

Ubytování pro zamilované

Domů
